{"id":96,"date":"2015-02-17T15:35:12","date_gmt":"2015-02-17T15:35:12","guid":{"rendered":"https:\/\/www.nickelsdorf.gv.at\/vs-neu\/?page_id=96"},"modified":"2025-09-15T11:12:41","modified_gmt":"2025-09-15T11:12:41","slug":"gesundheits-und-bewegungserziehung","status":"publish","type":"page","link":"https:\/\/www.vs.nickelsdorf.at\/?page_id=96","title":{"rendered":"Gesundheits- und Bewegungserziehung"},"content":{"rendered":"<p><b>DIE GE(H)SUNDE SCHULE &#8211; LERNEN BRAUCHT BEWEGUNG<\/b><\/p>\n<p>Ern\u00e4hrung und Bewegung stehen in engem Zusammenhang mit der k\u00f6rperlichen und geistigen Leistungsf\u00e4higkeit (mehr Energie, Ausdauer, Lernf\u00e4higkeit, Konzentration, Merkf\u00e4higkeit). Es kommt darauf an, sowohl Unterricht als auch das Zusammenleben in der Schule so zu gestalten, dass die Gesundheit und das Wohlbefinden erhalten und gesteigert werden. Einseitige Ern\u00e4hrung und Bewegungsmangel haben gesundheitliche Beeintr\u00e4chtigungen und Sch\u00e4den zur Folge. <b>IN EINEM GESUNDEN K\u00d6RPER STECKT EIN GESUNDER GEIST!<br \/>\n<\/b><br \/>\n<i>Gesundheit ist die Voraussetzung f\u00fcr das Gelingen von Unterricht und somit ist Gesundheit eine Voraussetzung f\u00fcr den Schul- und Lernerfolg eines Kindes.<\/i><\/p>\n<p>Wir m\u00f6chten ein Gesundheitsbewusstsein schaffen und die Kinder zu gesunder Lebensf\u00fchrung erziehen, sodass sie Gesundheit als ihr privates Kapital begreifen, das sie h\u00fcten wie einen Schatz und vermehren, um so lange wie m\u00f6glich davon zehren zu k\u00f6nnen. Eine bewegte Schule kann durch entsprechende Angebote Defizite in den koordinativen F\u00e4higkeiten der Kinder ausgleichen.<\/p>\n<p>&nbsp;<\/p>\n<h2>Ern\u00e4hrung<\/h2>\n<table border=\"0\" cellspacing=\"0\" cellpadding=\"0\">\n<tbody>\n<tr>\n<td>\n<ul>\n<li>Gesundheit kann &#8222;gemacht&#8220; werden, &#8222;gesund leben&#8220; ist der erste Schritt dazu.<\/li>\n<li>Die Sch\u00fcler sollen erkennen, dass Ern\u00e4hrung und Bewegung in engem Zusammenhang mit der k\u00f6rperlichen und geistigen Leistungsf\u00e4higkeit stehen.<\/li>\n<li>Sie sollen erfahren, dass einseitige Ern\u00e4hrung und Bewegungsmangel gesundheitliche Beeintr\u00e4chtigungen und Sch\u00e4den zur Folge haben.<\/li>\n<li>Sie sollen Gesundheit als &#8222;privates Kapital&#8220; begreifen und f\u00f6rdern.<\/li>\n<li>Eigene Ern\u00e4hrungs- und Bewegungsgewohnheiten sollen bewusst gemacht, kritisch hinterfragt und auf Grundlage neuer Informationen ge\u00e4ndert werden.<\/li>\n<li>Der Spa\u00df an gesunder Ern\u00e4hrung und Bewegung soll geweckt werden.<\/li>\n<\/ul>\n<\/td>\n<\/tr>\n<\/tbody>\n<\/table>\n<p>&nbsp;<\/p>\n<p>Obst und Gem\u00fcse sind gesund, sch\u00fctzen vor Infektionen und st\u00e4rken das Immunsystem, enthalten Vitamine und Mineralstoffe f\u00fcr das Wachstum, bringen Energie f\u00fcr Spiel, Sport und Spa\u00df, haben viele Ballaststoffe und wenig Fett \u2013 das macht fit. 5 kleine Mahlzeiten \u00fcber den Tag verteilt, garantieren Energie, Ausdauer und Lernf\u00e4higkeit, st\u00fctzen das Ged\u00e4chtnis und die Merkf\u00e4higkeit.<\/p>\n<p><b>Monatlich sorgt der Elternverein f\u00fcr eine &#8222;Gesunde Jause&#8220;.<br \/>\n<\/b><\/p>\n<h2>Bewegung fordert und f\u00f6rdert<\/h2>\n<table border=\"0\" cellspacing=\"0\" cellpadding=\"0\">\n<tbody>\n<tr>\n<td>\n<ul>\n<li>die Selbstverantwortung der Kinder<\/li>\n<li>ihre Selbst\u00e4ndigkeit<\/li>\n<li>ihre soziale Kompetenz<\/li>\n<li>ihre Motivation<\/li>\n<li>ihre Lernfreude<\/li>\n<\/ul>\n<\/td>\n<\/tr>\n<\/tbody>\n<\/table>\n<p>&nbsp;<\/p>\n<h2>Bewegte Pausen<\/h2>\n<p><img loading=\"lazy\" decoding=\"async\" class=\" size-thumbnail wp-image-98 alignleft\" src=\"https:\/\/www.vs.nickelsdorf.at\/wp-content\/uploads\/bild_hof_kletterwand-150x150.jpg\" alt=\"Kletterwand Hof\" width=\"150\" height=\"150\" \/><img loading=\"lazy\" decoding=\"async\" class=\" size-thumbnail wp-image-97 alignleft\" src=\"https:\/\/www.vs.nickelsdorf.at\/wp-content\/uploads\/bild_hof_krake-150x150.jpg\" alt=\"Krake Hof\" width=\"150\" height=\"150\" \/><\/p>\n<p>&nbsp;<\/p>\n<p>&nbsp;<\/p>\n<p>&nbsp;<\/p>\n<p>&nbsp;<\/p>\n<p>&nbsp;<\/p>\n<p>&nbsp;<\/p>\n<p>Unser Schulgarten l\u00e4dt zur Bewegung im Freien ein, sich auszutoben, zu spielen oder sich zur\u00fcckzuziehen:<\/p>\n<ul>\n<li>Fu\u00dfballfeld<\/li>\n<li>Kletterturm<\/li>\n<li>Fitparcours<\/li>\n<li>ET-Schaukel<\/li>\n<li>Sandkiste<\/li>\n<li>Kletterwand<\/li>\n<li>Sitzarena<\/li>\n<li>Sitzm\u00f6glichkeit mit Sonnensegel\u00fcberdachung<\/li>\n<li>Krake<\/li>\n<li>Slackline<\/li>\n<li>Jede Klasse hat eine Kiste mit eigenen Spielsachen f\u00fcr den Garten<\/li>\n<li>Neu im Schuljahr 2022\/23: Doppelschaukel und Kletterger\u00fcst<\/li>\n<\/ul>\n<h2>Bewegter Unterricht<\/h2>\n<p>In allen Unterrichtsgegenst\u00e4nden werden vom Lehrpersonal situationsabh\u00e4ngig bewegte Unterrichtseinheiten miteingebaut.<\/p>\n<h2>Bewegtes Lernen:<\/h2>\n<table border=\"0\" cellspacing=\"0\" cellpadding=\"0\">\n<tbody>\n<tr>\n<td>\n<ul>\n<li>Die<b>\u00a0<\/b>Kinder werden dazu angehalten, sich so viel wie m\u00f6glich zu bewegen<\/li>\n<li>Materialien werden nicht ausgeteilt, sondern m\u00fcssen geholt werden<\/li>\n<li>Arbeitsanweisungen stehen klein an der Tafel<\/li>\n<li>Sitzordnung wird aufgel\u00f6st &#8211; individuelle M\u00f6glichkeiten des Zusammenarbeitens ergeben sich<\/li>\n<li>Bewegung gezielt zur Vermittlung und zum \u00dcben von Lerninhalten<\/li>\n<li>Arbeiten auf der Lesetreppe,\u00a0bzw. beim Stationenbetrieb am Gang<\/li>\n<li>Bewegungspausen zur Entspannung oder zur Erh\u00f6hung der Konzentration (YOGA, Entspannungsreisen, Bewegungslieder, T\u00e4nze)<\/li>\n<li>In allen Unterrichtseinheiten werden Sequenzen eingebaut, die \u00dcbungen mit Bewegung beinhalten, wie z. B. Buchstabenball oder Rollbrettlernw\u00f6rter\u00fcbungen.<\/li>\n<\/ul>\n<\/td>\n<\/tr>\n<\/tbody>\n<\/table>\n<p>&nbsp;<\/p>\n<h2>Schulhaus wohnlich und gem\u00fctlich machen<\/h2>\n<ul>\n<li>Wandgestaltung durch bunte Fliesenbilder<\/li>\n<li>Lesetreppe und Leseregale<\/li>\n<li>Gemeinschaftsbild \u201eBlumenwiese\u201c<\/li>\n<li>Neugestaltung der R\u00e4ume f\u00fcr die Nachmittagsbetreuung<\/li>\n<li>Im Sommer 2015 wurden neue Fenster mit Au\u00dfenrollos eingebaut, die Sanit\u00e4ranlagen und die Heizung renoviert.<\/li>\n<li>Im Sommer 2016 wurden am Gang Regale und links und rechts Pulte zum Schreiben angebracht, die beim freien Lernen im Stationenbetrieb genutzt werden.<\/li>\n<li>Im September 2018 wurde der neue Turnsaal fertiggestellt, der einen zeitgem\u00e4\u00dfen Bewegungs- und Sportunterricht garantiert.<\/li>\n<li>Seit September 2020 gibt es einen gro\u00dfen Namiberaum im neuerrichteten Teil der Schule sowie einen gro\u00dfen Essraum mit moderner K\u00fcche.<\/li>\n<\/ul>\n<p>Jede Klasse gestaltet gemeinsam mit ihrer Klassenlehrerin den Klassenraum nach ihren Vorstellungen, W\u00fcnschen und Bed\u00fcrfnissen.<\/p>\n<p><a href=\"https:\/\/www.vs.nickelsdorf.at\/wp-content\/uploads\/bild_lesetreppe.jpg\" rel=\"lightbox[96]\"><img loading=\"lazy\" decoding=\"async\" class=\" size-thumbnail wp-image-110 alignleft\" src=\"https:\/\/www.vs.nickelsdorf.at\/wp-content\/uploads\/bild_lesetreppe-150x150.jpg\" alt=\"Lesetreppe\" width=\"150\" height=\"150\" \/><\/a> <a href=\"https:\/\/www.vs.nickelsdorf.at\/wp-content\/uploads\/bild_mosaik_01.jpg\" rel=\"lightbox[96]\"><img loading=\"lazy\" decoding=\"async\" class=\" size-thumbnail wp-image-107 alignleft\" src=\"https:\/\/www.vs.nickelsdorf.at\/wp-content\/uploads\/bild_mosaik_01-150x150.jpg\" alt=\"Mosaik 1\" width=\"150\" height=\"150\" srcset=\"https:\/\/www.vs.nickelsdorf.at\/wp-content\/uploads\/bild_mosaik_01-150x150.jpg 150w, https:\/\/www.vs.nickelsdorf.at\/wp-content\/uploads\/bild_mosaik_01-300x300.jpg 300w, https:\/\/www.vs.nickelsdorf.at\/wp-content\/uploads\/bild_mosaik_01.jpg 800w\" sizes=\"auto, (max-width: 150px) 100vw, 150px\" \/><\/a> <a href=\"https:\/\/www.vs.nickelsdorf.at\/wp-content\/uploads\/bild_mosaik_02.jpg\" rel=\"lightbox[96]\"><img loading=\"lazy\" decoding=\"async\" class=\" size-thumbnail wp-image-108 alignleft\" src=\"https:\/\/www.vs.nickelsdorf.at\/wp-content\/uploads\/bild_mosaik_02-150x150.jpg\" alt=\"Mosaik 2\" width=\"150\" height=\"150\" srcset=\"https:\/\/www.vs.nickelsdorf.at\/wp-content\/uploads\/bild_mosaik_02-150x150.jpg 150w, https:\/\/www.vs.nickelsdorf.at\/wp-content\/uploads\/bild_mosaik_02-300x300.jpg 300w, https:\/\/www.vs.nickelsdorf.at\/wp-content\/uploads\/bild_mosaik_02.jpg 800w\" sizes=\"auto, (max-width: 150px) 100vw, 150px\" \/><\/a><\/p>\n<p>&nbsp;<\/p>\n<p>&nbsp;<\/p>\n<p>&nbsp;<\/p>\n<p>&nbsp;<\/p>\n<h2><\/h2>\n<h2>Schulhofgestaltung<\/h2>\n<ul>\n<li>Bemalte bunte Mauer<\/li>\n<li>Sitzgelegenheit mit Sonnensegel\u00fcberdachung<\/li>\n<li>Kletterturm<\/li>\n<li>Tellerschaukel<\/li>\n<li>Sitzarena<\/li>\n<li>Krake<\/li>\n<li>gro\u00dfe Kletterwand<\/li>\n<li>Sandkiste<\/li>\n<\/ul>\n<p><a href=\"https:\/\/www.vs.nickelsdorf.at\/wp-content\/uploads\/bild_hof_krake.jpg\" rel=\"lightbox[96]\"><img loading=\"lazy\" decoding=\"async\" class=\" size-thumbnail wp-image-97 alignleft\" src=\"https:\/\/www.vs.nickelsdorf.at\/wp-content\/uploads\/bild_hof_krake-150x150.jpg\" alt=\"Krake Hof\" width=\"150\" height=\"150\" \/><\/a> <a href=\"https:\/\/www.vs.nickelsdorf.at\/wp-content\/uploads\/bild_hof_kletterwand.jpg\" rel=\"lightbox[96]\"><img loading=\"lazy\" decoding=\"async\" class=\" size-thumbnail wp-image-98 alignleft\" src=\"https:\/\/www.vs.nickelsdorf.at\/wp-content\/uploads\/bild_hof_kletterwand-150x150.jpg\" alt=\"Kletterwand Hof\" width=\"150\" height=\"150\" \/><\/a> <a href=\"https:\/\/www.vs.nickelsdorf.at\/wp-content\/uploads\/bild_mauer.jpg\" rel=\"lightbox[96]\"><img loading=\"lazy\" decoding=\"async\" class=\"alignleft size-thumbnail wp-image-106\" src=\"https:\/\/www.vs.nickelsdorf.at\/wp-content\/uploads\/bild_mauer-150x150.jpg\" alt=\"Mauer\" width=\"150\" height=\"150\" \/><\/a><\/p>\n<p>&nbsp;<\/p>\n<p>&nbsp;<\/p>\n<p>&nbsp;<\/p>\n<p>&nbsp;<\/p>\n<p>&nbsp;<\/p>\n","protected":false},"excerpt":{"rendered":"<p>DIE GE(H)SUNDE SCHULE &#8211; LERNEN BRAUCHT BEWEGUNG Ern\u00e4hrung und Bewegung stehen in engem Zusammenhang mit der k\u00f6rperlichen und geistigen Leistungsf\u00e4higkeit (mehr Energie, Ausdauer, Lernf\u00e4higkeit, Konzentration, Merkf\u00e4higkeit). Es kommt darauf an, sowohl Unterricht als auch das Zusammenleben in der Schule so zu gestalten, dass die Gesundheit und das Wohlbefinden erhalten und gesteigert werden. Einseitige Ern\u00e4hrung und [&hellip;]<\/p>\n","protected":false},"author":1,"featured_media":0,"parent":0,"menu_order":0,"comment_status":"closed","ping_status":"closed","template":"","meta":{"footnotes":""},"class_list":["post-96","page","type-page","status-publish","hentry"],"_links":{"self":[{"href":"https:\/\/www.vs.nickelsdorf.at\/index.php?rest_route=\/wp\/v2\/pages\/96","targetHints":{"allow":["GET"]}}],"collection":[{"href":"https:\/\/www.vs.nickelsdorf.at\/index.php?rest_route=\/wp\/v2\/pages"}],"about":[{"href":"https:\/\/www.vs.nickelsdorf.at\/index.php?rest_route=\/wp\/v2\/types\/page"}],"author":[{"embeddable":true,"href":"https:\/\/www.vs.nickelsdorf.at\/index.php?rest_route=\/wp\/v2\/users\/1"}],"replies":[{"embeddable":true,"href":"https:\/\/www.vs.nickelsdorf.at\/index.php?rest_route=%2Fwp%2Fv2%2Fcomments&post=96"}],"version-history":[{"count":26,"href":"https:\/\/www.vs.nickelsdorf.at\/index.php?rest_route=\/wp\/v2\/pages\/96\/revisions"}],"predecessor-version":[{"id":6173,"href":"https:\/\/www.vs.nickelsdorf.at\/index.php?rest_route=\/wp\/v2\/pages\/96\/revisions\/6173"}],"wp:attachment":[{"href":"https:\/\/www.vs.nickelsdorf.at\/index.php?rest_route=%2Fwp%2Fv2%2Fmedia&parent=96"}],"curies":[{"name":"wp","href":"https:\/\/api.w.org\/{rel}","templated":true}]}}